{"id":87,"date":"2022-11-27T15:57:19","date_gmt":"2022-11-27T14:57:19","guid":{"rendered":"https:\/\/noscollections.ddns.net\/missionssecours\/?page_id=87"},"modified":"2022-11-27T15:57:19","modified_gmt":"2022-11-27T14:57:19","slug":"missions-city","status":"publish","type":"page","link":"https:\/\/www.missionssecours.com\/?page_id=87","title":{"rendered":"Missions City"},"content":{"rendered":"\n<p>Missions City est une version de Missions 112 o\u00f9 les services de secours sont remplac\u00e9s par des services municipaux (ou d&rsquo;int\u00e9r\u00eat publique).<\/p>\n\n\n\n<p>Avec :<\/p>\n\n\n\n<ul class=\"wp-block-list\">\n<li>Police Municipale<\/li>\n\n\n\n<li>Bus municipaux et scolaire<\/li>\n\n\n\n<li>Services techniques municipaux<\/li>\n<\/ul>\n\n\n\n<p>D\u00e9couvrez les coulisses d&rsquo;une ville<\/p>\n","protected":false},"excerpt":{"rendered":"<p>Missions City est une version de Missions 112 o\u00f9 les services de secours sont remplac\u00e9s par des services municipaux (ou d&rsquo;int\u00e9r\u00eat publique). Avec : D\u00e9couvrez les coulisses d&rsquo;une ville<\/p>\n","protected":false},"author":2,"featured_media":0,"parent":0,"menu_order":0,"comment_status":"closed","ping_status":"closed","template":"","meta":{"_sitemap_exclude":false,"_sitemap_priority":"","_sitemap_frequency":"","footnotes":""},"class_list":["post-87","page","type-page","status-publish","hentry"],"_links":{"self":[{"href":"https:\/\/www.missionssecours.com\/index.php?rest_route=\/wp\/v2\/pages\/87","targetHints":{"allow":["GET"]}}],"collection":[{"href":"https:\/\/www.missionssecours.com\/index.php?rest_route=\/wp\/v2\/pages"}],"about":[{"href":"https:\/\/www.missionssecours.com\/index.php?rest_route=\/wp\/v2\/types\/page"}],"author":[{"embeddable":true,"href":"https:\/\/www.missionssecours.com\/index.php?rest_route=\/wp\/v2\/users\/2"}],"replies":[{"embeddable":true,"href":"https:\/\/www.missionssecours.com\/index.php?rest_route=%2Fwp%2Fv2%2Fcomments&post=87"}],"version-history":[{"count":0,"href":"https:\/\/www.missionssecours.com\/index.php?rest_route=\/wp\/v2\/pages\/87\/revisions"}],"wp:attachment":[{"href":"https:\/\/www.missionssecours.com\/index.php?rest_route=%2Fwp%2Fv2%2Fmedia&parent=87"}],"curies":[{"name":"wp","href":"https:\/\/api.w.org\/{rel}","templated":true}]}}