{"id":559,"date":"2022-11-27T09:40:04","date_gmt":"2022-11-27T08:40:04","guid":{"rendered":"https:\/\/noscollections.ddns.net\/missionssecours\/?page_id=11"},"modified":"2024-12-14T08:58:36","modified_gmt":"2024-12-14T07:58:36","slug":"m196-atlantique","status":"publish","type":"page","link":"https:\/\/www.missionssecours.com\/?page_id=559","title":{"rendered":"M196 Iroise"},"content":{"rendered":"<div class=\"wp-block-image\">\n<figure class=\"alignright size-full\"><img loading=\"lazy\" decoding=\"async\" width=\"300\" height=\"94\" src=\"http:\/\/www.missionssecours.com\/wp-content\/uploads\/2023\/10\/logo_M196.png\" alt=\"\" class=\"wp-image-695\"\/><\/figure>\n<\/div>\n\n\n<p id=\"h.p_rfr4a-7ZI4sE\">Missions 196 Secours Maritime est un jeu de soci\u00e9t\u00e9 consacr\u00e9 aux secours maritime.<\/p>\n\n\n\n<p id=\"h.p_O1m5lEBmKKdR\">Retrouvez tous les acteurs du secours en mer.<\/p>\n\n\n\n<p id=\"h.p_i8DWmg9mKKdR\">Bravez les temp\u00eates et portez secours aux naufrag\u00e9s.<\/p>\n\n\n\n<p id=\"h.p_KYCm_vDyM57-\"><strong>Missions 196 : Secours Maritime<\/strong> est disponible gratuitement dans la section <a href=\"https:\/\/sites.google.com\/view\/missions196\/t%C3%A9l%C3%A9chargement?authuser=0\">T\u00e9l\u00e9chargement<\/a><\/p>\n\n\n\n<p id=\"h.p_a3kGB9ZF__Za\">Suivez le jeu sur Facebook : <a href=\"https:\/\/www.google.com\/url?q=https%3A%2F%2Fwww.facebook.com%2Fmissions196%2F&amp;sa=D&amp;sntz=1&amp;usg=AOvVaw1lj6_QQA91dmDYC0S8CN_j\" target=\"_blank\" rel=\"noreferrer noopener\">https:\/\/www.facebook.com\/missions196\/<\/a><\/p>\n\n\n\n<p id=\"h.p_yAIwZh6zI8v6\"><strong>Joueurs :<\/strong> 2 \u00e0 4<br><strong>Age :<\/strong> 7 \u00e0 99+<br><strong>Th\u00e8me :<\/strong> Secours en mer<br><strong>Genre :<\/strong> jeu de plateau<\/p>\n\n\n\n<p id=\"h.p_oHNZEyJu_1rR\">Le jeu : Une intervention vous est confi\u00e9e, selon les unit\u00e9s disponibles et le type de l\u2019intervention, choisissez la bonne bonne et allez jusqu\u2019aux coordonn\u00e9s indiqu\u00e9es sur la carte.<\/p>\n\n\n\n<p id=\"h.p_TQvLjHTs_1rS\">Sur place vous r\u00e9aliserez des actions (pour l\u2019intervention) et pourrez \u00eatre amen\u00e9 \u00e0 faire appel \u00e0 d\u2019autres unit\u00e9s. De retour \u00e0 la base ou au port d\u2019attache, selon la difficult\u00e9 de l\u2019intervention un nombre de points vous sera accord\u00e9. Montez les \u00e9chelons et les grades, jusqu\u2019au plus haut niveau et gagnez le jeu.<\/p>\n\n\n\n<p id=\"h.p_JWrw650X_1rT\">Les missions se veulent repr\u00e9sentatives de l\u2019activit\u00e9 des secours en mer, mais aussi instructives. Le joueur est sensibilis\u00e9 aux actes de malveillance ou d\u2019inconscience pouvant entra\u00eener des interventions.<\/p>\n\n\n\n<p id=\"h.p_3BP774Bq_1rU\">Missions 196 est jeu unique, aussi ludique, qu\u2019instructif, que r\u00e9aliste.<\/p>\n\n\n\n<p id=\"h.p_WypMz9WtnlDG\"><strong>Contact :<\/strong> missions.secours@gmail.com<\/p>\n\n\n\n\n\n<h2 class=\"wp-block-heading\">Historique<\/h2>\n\n\n\n<p id=\"h.p_V0nULh4bK-Ol\">Tout commence le 1er ao\u00fbt 2011.<br>La SNSM* d&rsquo;Audierne organise des sorties en mer pour les visiteurs de la f\u00eate de mer.<br>C&rsquo;est donc \u00e0 bord d&rsquo;une vedette SNSM que l&rsquo;id\u00e9e de r\u00e9aliser une version de <a rel=\"noreferrer noopener\" href=\"https:\/\/www.google.com\/url?q=https%3A%2F%2Fsites.google.com%2Fsite%2Fmissionssecours%2F&amp;sa=D&amp;sntz=1&amp;usg=AOvVaw2lDjhCdubPG_UYHXBJlwLM\" target=\"_blank\"><strong>Missions 112<\/strong><\/a> consacr\u00e9e aux secours maritime est n\u00e9.<br>Quelques jours plus tard, c&rsquo;est au sein du SDIS29** que nous discutons des particularit\u00e9s des pompiers du d\u00e9partement pour les besoins de Missions 112 avec notamment son r\u00f4le dans le sauvetage c\u00f4tier.<br>Cette m\u00eame semaine de d\u00e9but ao\u00fbt 2011, nous nous retrouvons sur la base de DRAGON 29, l&rsquo;h\u00e9licopt\u00e8re de la S\u00e9curit\u00e9 Civile du Finist\u00e8re. C&rsquo;est l\u00e0 que nous prenons connaissance de ses missions et particuli\u00e8rement ses missions dans le secours maritime.<br>Fort de ces informations compl\u00e9t\u00e9es par des recherches sur internet, toutes les conditions \u00e9taient r\u00e9unies pour travailler sur une version secours maritime de Missions 112.<br>Suite \u00e0 la mise en service en novembre 2014 du num\u00e9ro d&rsquo;urgence consacr\u00e9 aux secours en mer 196, le jeu prend le nom de <strong>Missions 196<\/strong> fin 2014.<\/p>\n\n\n\n<p id=\"h.p_t5ySEWVHK-33\">* : Soci\u00e9t\u00e9 Nationale de Sauvetage en Mer<br>** : Service D\u00e9partementale d&rsquo;Incendie et de Secours du Finist\u00e8re (29)<\/p>\n\n\n\n<h2 class=\"wp-block-heading\">Les services<\/h2>\n\n\n\n<div class=\"wp-block-group\"><div class=\"wp-block-group__inner-container is-layout-constrained wp-block-group-is-layout-constrained\">\n<p id=\"h.p_2ohyL2-B_1rT\">Missions 196 a \u00e9t\u00e9 r\u00e9alis\u00e9 en collaboration avec des professionnels des secours en mer.<\/p>\n\n\n\n<ul class=\"wp-block-list\">\n<li>SNSM<\/li>\n\n\n\n<li>Marine nationale<\/li>\n\n\n\n<li>Pr\u00e9fecture maritime Atlantique<\/li>\n\n\n\n<li>Pompiers du Finist\u00e8re (SDIS 29)<\/li>\n\n\n\n<li>S\u00e9curit\u00e9 civile<\/li>\n\n\n\n<li>SMUR Maritime (SAMU29)<\/li>\n<\/ul>\n<\/div><\/div>\n\n\n\n<h2 class=\"wp-block-heading\">Les unit\u00e9s<\/h2>\n\n\n\n<p id=\"h.p_vGtm9J25Ht6F\"><strong>Les unit\u00e9s nautiques<\/strong><\/p>\n\n\n\n<ul class=\"wp-block-list\">\n<li>SNSM<\/li>\n\n\n\n<li>BLS<\/li>\n\n\n\n<li>Abeille Bourbon<\/li>\n<\/ul>\n\n\n\n<div class=\"wp-block-columns is-layout-flex wp-container-core-columns-is-layout-9d6595d7 wp-block-columns-is-layout-flex\">\n<div class=\"wp-block-column is-layout-flow wp-block-column-is-layout-flow\">\n<figure class=\"wp-block-image size-large\"><img loading=\"lazy\" decoding=\"async\" width=\"1024\" height=\"455\" src=\"http:\/\/www.missionssecours.com\/wp-content\/uploads\/2022\/12\/snsm-1024x455.png\" alt=\"\" class=\"wp-image-131\" srcset=\"https:\/\/www.missionssecours.com\/wp-content\/uploads\/2022\/12\/snsm-1024x455.png 1024w, https:\/\/www.missionssecours.com\/wp-content\/uploads\/2022\/12\/snsm-600x267.png 600w, https:\/\/www.missionssecours.com\/wp-content\/uploads\/2022\/12\/snsm-300x133.png 300w, https:\/\/www.missionssecours.com\/wp-content\/uploads\/2022\/12\/snsm-768x341.png 768w, https:\/\/www.missionssecours.com\/wp-content\/uploads\/2022\/12\/snsm.png 1280w\" sizes=\"auto, (max-width: 1024px) 100vw, 1024px\" \/><\/figure>\n<\/div>\n\n\n\n<div class=\"wp-block-column is-layout-flow wp-block-column-is-layout-flow\">\n<figure class=\"wp-block-image size-full\"><img loading=\"lazy\" decoding=\"async\" width=\"300\" height=\"131\" src=\"http:\/\/www.missionssecours.com\/wp-content\/uploads\/2022\/12\/zodiac.png\" alt=\"\" class=\"wp-image-132\"\/><\/figure>\n<\/div>\n\n\n\n<div class=\"wp-block-column is-layout-flow wp-block-column-is-layout-flow\">\n<figure class=\"wp-block-image size-large\"><img loading=\"lazy\" decoding=\"async\" width=\"1024\" height=\"413\" src=\"http:\/\/www.missionssecours.com\/wp-content\/uploads\/2022\/12\/abaill-1024x413.png\" alt=\"\" class=\"wp-image-130\" srcset=\"https:\/\/www.missionssecours.com\/wp-content\/uploads\/2022\/12\/abaill-1024x413.png 1024w, https:\/\/www.missionssecours.com\/wp-content\/uploads\/2022\/12\/abaill-600x242.png 600w, https:\/\/www.missionssecours.com\/wp-content\/uploads\/2022\/12\/abaill-300x121.png 300w, https:\/\/www.missionssecours.com\/wp-content\/uploads\/2022\/12\/abaill-768x310.png 768w, https:\/\/www.missionssecours.com\/wp-content\/uploads\/2022\/12\/abaill.png 1280w\" sizes=\"auto, (max-width: 1024px) 100vw, 1024px\" \/><\/figure>\n<\/div>\n<\/div>\n\n\n\n<p id=\"h.p_Zce_f61SqcBs\"><strong>Les unit\u00e9s a\u00e9riennes<\/strong><\/p>\n\n\n\n<ul class=\"wp-block-list\">\n<li>Dragon 29<\/li>\n\n\n\n<li>Tonerre 29<\/li>\n\n\n\n<li>NH90 Caiman marine (33F)<\/li>\n<\/ul>\n\n\n\n<div class=\"wp-block-columns is-layout-flex wp-container-core-columns-is-layout-9d6595d7 wp-block-columns-is-layout-flex\">\n<div class=\"wp-block-column is-layout-flow wp-block-column-is-layout-flow\">\n<figure class=\"wp-block-image size-large\"><img loading=\"lazy\" decoding=\"async\" width=\"1024\" height=\"342\" src=\"http:\/\/www.missionssecours.com\/wp-content\/uploads\/2022\/12\/dragon-1024x342.png\" alt=\"\" class=\"wp-image-129\" srcset=\"https:\/\/www.missionssecours.com\/wp-content\/uploads\/2022\/12\/dragon-1024x342.png 1024w, https:\/\/www.missionssecours.com\/wp-content\/uploads\/2022\/12\/dragon-600x201.png 600w, https:\/\/www.missionssecours.com\/wp-content\/uploads\/2022\/12\/dragon-300x100.png 300w, https:\/\/www.missionssecours.com\/wp-content\/uploads\/2022\/12\/dragon-768x257.png 768w, https:\/\/www.missionssecours.com\/wp-content\/uploads\/2022\/12\/dragon.png 1280w\" sizes=\"auto, (max-width: 1024px) 100vw, 1024px\" \/><\/figure>\n<\/div>\n\n\n\n<div class=\"wp-block-column is-layout-flow wp-block-column-is-layout-flow\">\n<figure class=\"wp-block-image size-large\"><img loading=\"lazy\" decoding=\"async\" width=\"1024\" height=\"286\" src=\"http:\/\/www.missionssecours.com\/wp-content\/uploads\/2022\/12\/f-1024x286.png\" alt=\"\" class=\"wp-image-128\" srcset=\"https:\/\/www.missionssecours.com\/wp-content\/uploads\/2022\/12\/f-1024x286.png 1024w, https:\/\/www.missionssecours.com\/wp-content\/uploads\/2022\/12\/f-600x168.png 600w, https:\/\/www.missionssecours.com\/wp-content\/uploads\/2022\/12\/f-300x84.png 300w, https:\/\/www.missionssecours.com\/wp-content\/uploads\/2022\/12\/f-768x215.png 768w, https:\/\/www.missionssecours.com\/wp-content\/uploads\/2022\/12\/f.png 1280w\" sizes=\"auto, (max-width: 1024px) 100vw, 1024px\" \/><\/figure>\n<\/div>\n\n\n\n<div class=\"wp-block-column is-layout-flow wp-block-column-is-layout-flow\">\n<figure class=\"wp-block-image size-large\"><img loading=\"lazy\" decoding=\"async\" width=\"1024\" height=\"363\" src=\"http:\/\/www.missionssecours.com\/wp-content\/uploads\/2022\/12\/tonerre-1024x363.png\" alt=\"\" class=\"wp-image-127\" srcset=\"https:\/\/www.missionssecours.com\/wp-content\/uploads\/2022\/12\/tonerre-1024x363.png 1024w, https:\/\/www.missionssecours.com\/wp-content\/uploads\/2022\/12\/tonerre-600x213.png 600w, https:\/\/www.missionssecours.com\/wp-content\/uploads\/2022\/12\/tonerre-300x106.png 300w, https:\/\/www.missionssecours.com\/wp-content\/uploads\/2022\/12\/tonerre-768x272.png 768w, https:\/\/www.missionssecours.com\/wp-content\/uploads\/2022\/12\/tonerre.png 1280w\" sizes=\"auto, (max-width: 1024px) 100vw, 1024px\" \/><\/figure>\n<\/div>\n<\/div>\n\n\n\n<p id=\"h.p_ZZFiiJZAqi0J\"><strong>Les unit\u00e9s terrestres<\/strong><\/p>\n\n\n\n<ul class=\"wp-block-list\">\n<li>VSAV<\/li>\n\n\n\n<li>VL SMURM<\/li>\n<\/ul>\n\n\n\n<div class=\"wp-block-columns is-layout-flex wp-container-core-columns-is-layout-9d6595d7 wp-block-columns-is-layout-flex\">\n<div class=\"wp-block-column is-layout-flow wp-block-column-is-layout-flow\">\n<figure class=\"wp-block-image size-large\"><img loading=\"lazy\" decoding=\"async\" width=\"1024\" height=\"522\" src=\"http:\/\/www.missionssecours.com\/wp-content\/uploads\/2022\/12\/vsav-1024x522.png\" alt=\"\" class=\"wp-image-126\" srcset=\"https:\/\/www.missionssecours.com\/wp-content\/uploads\/2022\/12\/vsav-1024x522.png 1024w, https:\/\/www.missionssecours.com\/wp-content\/uploads\/2022\/12\/vsav-600x306.png 600w, https:\/\/www.missionssecours.com\/wp-content\/uploads\/2022\/12\/vsav-300x153.png 300w, https:\/\/www.missionssecours.com\/wp-content\/uploads\/2022\/12\/vsav-768x392.png 768w, https:\/\/www.missionssecours.com\/wp-content\/uploads\/2022\/12\/vsav.png 1280w\" sizes=\"auto, (max-width: 1024px) 100vw, 1024px\" \/><\/figure>\n<\/div>\n\n\n\n<div class=\"wp-block-column is-layout-flow wp-block-column-is-layout-flow\">\n<figure class=\"wp-block-image size-large\"><img loading=\"lazy\" decoding=\"async\" width=\"1024\" height=\"416\" src=\"http:\/\/www.missionssecours.com\/wp-content\/uploads\/2022\/12\/SMURM-1024x416.png\" alt=\"\" class=\"wp-image-125\" srcset=\"https:\/\/www.missionssecours.com\/wp-content\/uploads\/2022\/12\/SMURM-1024x416.png 1024w, https:\/\/www.missionssecours.com\/wp-content\/uploads\/2022\/12\/SMURM-600x244.png 600w, https:\/\/www.missionssecours.com\/wp-content\/uploads\/2022\/12\/SMURM-300x122.png 300w, https:\/\/www.missionssecours.com\/wp-content\/uploads\/2022\/12\/SMURM-768x312.png 768w, https:\/\/www.missionssecours.com\/wp-content\/uploads\/2022\/12\/SMURM.png 1280w\" sizes=\"auto, (max-width: 1024px) 100vw, 1024px\" \/><\/figure>\n<\/div>\n<\/div>\n\n\n\n<h2 class=\"wp-block-heading\">Le plateau<\/h2>\n\n\n\n<p>Taille : 84 x 60 cm<\/p>\n\n\n\n<figure class=\"wp-block-image size-full\"><img loading=\"lazy\" decoding=\"async\" width=\"600\" height=\"425\" src=\"http:\/\/www.missionssecours.com\/wp-content\/uploads\/2022\/12\/plateau_finister.png\" alt=\"\" class=\"wp-image-139\" srcset=\"https:\/\/www.missionssecours.com\/wp-content\/uploads\/2022\/12\/plateau_finister.png 600w, https:\/\/www.missionssecours.com\/wp-content\/uploads\/2022\/12\/plateau_finister-300x213.png 300w\" sizes=\"auto, (max-width: 600px) 100vw, 600px\" \/><\/figure>\n\n\n\n<hr class=\"wp-block-separator has-alpha-channel-opacity\"\/>\n\n\n\n<h2 class=\"wp-block-heading\">Les cartes missions<\/h2>\n\n\n<div class=\"wp-block-image\">\n<figure class=\"alignright size-full\"><img loading=\"lazy\" decoding=\"async\" width=\"300\" height=\"454\" src=\"http:\/\/www.missionssecours.com\/wp-content\/uploads\/2022\/12\/M196_Card_0.png\" alt=\"\" class=\"wp-image-311\" srcset=\"https:\/\/www.missionssecours.com\/wp-content\/uploads\/2022\/12\/M196_Card_0.png 300w, https:\/\/www.missionssecours.com\/wp-content\/uploads\/2022\/12\/M196_Card_0-198x300.png 198w\" sizes=\"auto, (max-width: 300px) 100vw, 300px\" \/><\/figure>\n<\/div>\n\n\n<p><strong>Une carte mission est d\u00e9coup\u00e9e en plusieurs sections<\/strong><\/p>\n\n\n\n<ul class=\"wp-block-list\">\n<li>Le logo de la famille, le titre, le num\u00e9ro de la mission dans la famille<\/li>\n\n\n\n<li>Le nombre de points<\/li>\n\n\n\n<li>Les coordonn\u00e9es g\u00e9ographiques de l\u2019intervention et les conditions m\u00e9t\u00e9o<\/li>\n\n\n\n<li>Un descriptif de la mission<\/li>\n\n\n\n<li>le d\u00e9roulement de la mission<\/li>\n<\/ul>\n\n\n\n<p><strong>Les missions sont regroup\u00e9s par familles :<\/strong><\/p>\n\n\n\n<ul class=\"wp-block-list\">\n<li>SNSM<\/li>\n\n\n\n<li>Marine nationale<\/li>\n\n\n\n<li>SDIS<\/li>\n\n\n\n<li>Pr\u00e9fecture Maritime<\/li>\n\n\n\n<li>SMUR<\/li>\n\n\n\n<li>Multi services<\/li>\n<\/ul>\n\n\n\n<p><strong>Missions :<\/strong><br>Plus de 50 missions sont propos\u00e9es dans le jeu.<\/p>\n\n\n\n<h2 class=\"wp-block-heading\">Les cartes d&rsquo;informations<\/h2>\n\n\n\n<p>Pr\u00e8s de 30 cartes informations sont disponibles pour d\u00e9couvrir les diff\u00e9rent services mais aussi les unit\u00e9s de secours (bateaux, h\u00e9licopt\u00e8res).<\/p>\n\n\n\n<div class=\"wp-block-columns is-layout-flex wp-container-core-columns-is-layout-9d6595d7 wp-block-columns-is-layout-flex\">\n<div class=\"wp-block-column is-layout-flow wp-block-column-is-layout-flow\">\n<figure class=\"wp-block-image size-full\"><img loading=\"lazy\" decoding=\"async\" width=\"318\" height=\"476\" src=\"http:\/\/www.missionssecours.com\/wp-content\/uploads\/2022\/12\/M196_Card_1.png\" alt=\"\" class=\"wp-image-310\" srcset=\"https:\/\/www.missionssecours.com\/wp-content\/uploads\/2022\/12\/M196_Card_1.png 318w, https:\/\/www.missionssecours.com\/wp-content\/uploads\/2022\/12\/M196_Card_1-200x300.png 200w\" sizes=\"auto, (max-width: 318px) 100vw, 318px\" \/><\/figure>\n<\/div>\n\n\n\n<div class=\"wp-block-column is-layout-flow wp-block-column-is-layout-flow\">\n<figure class=\"wp-block-image size-full\"><img loading=\"lazy\" decoding=\"async\" width=\"297\" height=\"447\" src=\"http:\/\/www.missionssecours.com\/wp-content\/uploads\/2022\/12\/M196_Card_2.png\" alt=\"\" class=\"wp-image-309\" srcset=\"https:\/\/www.missionssecours.com\/wp-content\/uploads\/2022\/12\/M196_Card_2.png 297w, https:\/\/www.missionssecours.com\/wp-content\/uploads\/2022\/12\/M196_Card_2-199x300.png 199w\" sizes=\"auto, (max-width: 297px) 100vw, 297px\" \/><\/figure>\n<\/div>\n\n\n\n<div class=\"wp-block-column is-layout-flow wp-block-column-is-layout-flow\">\n<figure class=\"wp-block-image size-full\"><img loading=\"lazy\" decoding=\"async\" width=\"300\" height=\"450\" src=\"http:\/\/www.missionssecours.com\/wp-content\/uploads\/2022\/12\/M196_Card_3.png\" alt=\"\" class=\"wp-image-308\" srcset=\"https:\/\/www.missionssecours.com\/wp-content\/uploads\/2022\/12\/M196_Card_3.png 300w, https:\/\/www.missionssecours.com\/wp-content\/uploads\/2022\/12\/M196_Card_3-200x300.png 200w\" sizes=\"auto, (max-width: 300px) 100vw, 300px\" \/><\/figure>\n<\/div>\n\n\n\n<div class=\"wp-block-column is-layout-flow wp-block-column-is-layout-flow\">\n<figure class=\"wp-block-image size-full\"><img loading=\"lazy\" decoding=\"async\" width=\"321\" height=\"481\" src=\"http:\/\/www.missionssecours.com\/wp-content\/uploads\/2022\/12\/M196_Card_4.png\" alt=\"\" class=\"wp-image-307\" srcset=\"https:\/\/www.missionssecours.com\/wp-content\/uploads\/2022\/12\/M196_Card_4.png 321w, https:\/\/www.missionssecours.com\/wp-content\/uploads\/2022\/12\/M196_Card_4-200x300.png 200w\" sizes=\"auto, (max-width: 321px) 100vw, 321px\" \/><\/figure>\n<\/div>\n<\/div>\n\n\n\n<hr class=\"wp-block-separator has-alpha-channel-opacity\"\/>\n\n\n\n<p><em><strong>Mentions l\u00e9gales :<\/strong> Par \u00ab\u00a0le jeu\u00a0\u00bb, on d\u00e9signe l&rsquo;ensemble des composants (physique, num\u00e9rique, ..) de l&rsquo;ensemble des versions et variantes des jeux de la gamme Missions Secours compos\u00e9e des jeux Missions 112, Missions 17, Missions 18, Missions 15, Missions 196, Missions Catastrophes, \u2026 et autres variantes. Vous n\u2019\u00eates pas autoris\u00e9s \u00e0 modifier \u00ab\u00a0le jeu\u00a0\u00bb. Vous n\u2019\u00eates pas autoris\u00e9s \u00e0 faire un usage commercial de \u00ab\u00a0le jeu\u00a0\u00bb. Vous n\u2019\u00eates pas autoris\u00e9s \u00e0 diffuser \u00ab\u00a0le jeu\u00a0\u00bb sans l&rsquo;autorisation \u00e9crite du cr\u00e9ateur. Missions 112, Missions 17, Missions 18, Missions 15, Missions 196, Missions Catastrophes sont des jeux de Christophe CILLIER sur une id\u00e9e de Christophe CILLIER. Jeu r\u00e9alis\u00e9 avec l\u2019autorisation de la Marine Nationale,la SNSM, la s\u00e9curit\u00e9 Civile, le SDIS29, le SMUR Maritime et la pr\u00e9fecture Maritime Atlantique .<\/em><\/p>\n","protected":false},"excerpt":{"rendered":"<p>Missions 196 Secours Maritime est un jeu de soci\u00e9t\u00e9 consacr\u00e9 aux secours maritime. Retrouvez tous les acteurs du secours en mer. Bravez les temp\u00eates et portez secours aux naufrag\u00e9s. Missions&hellip; <\/p>\n","protected":false},"author":2,"featured_media":0,"parent":0,"menu_order":0,"comment_status":"closed","ping_status":"closed","template":"","meta":{"_sitemap_exclude":false,"_sitemap_priority":"","_sitemap_frequency":"","footnotes":""},"class_list":["post-559","page","type-page","status-publish","hentry"],"_links":{"self":[{"href":"https:\/\/www.missionssecours.com\/index.php?rest_route=\/wp\/v2\/pages\/559","targetHints":{"allow":["GET"]}}],"collection":[{"href":"https:\/\/www.missionssecours.com\/index.php?rest_route=\/wp\/v2\/pages"}],"about":[{"href":"https:\/\/www.missionssecours.com\/index.php?rest_route=\/wp\/v2\/types\/page"}],"author":[{"embeddable":true,"href":"https:\/\/www.missionssecours.com\/index.php?rest_route=\/wp\/v2\/users\/2"}],"replies":[{"embeddable":true,"href":"https:\/\/www.missionssecours.com\/index.php?rest_route=%2Fwp%2Fv2%2Fcomments&post=559"}],"version-history":[{"count":5,"href":"https:\/\/www.missionssecours.com\/index.php?rest_route=\/wp\/v2\/pages\/559\/revisions"}],"predecessor-version":[{"id":793,"href":"https:\/\/www.missionssecours.com\/index.php?rest_route=\/wp\/v2\/pages\/559\/revisions\/793"}],"wp:attachment":[{"href":"https:\/\/www.missionssecours.com\/index.php?rest_route=%2Fwp%2Fv2%2Fmedia&parent=559"}],"curies":[{"name":"wp","href":"https:\/\/api.w.org\/{rel}","templated":true}]}}