{"id":328,"date":"2023-02-07T12:46:17","date_gmt":"2023-02-07T11:46:17","guid":{"rendered":"https:\/\/noscollections.ddns.net\/missionssecours\/?page_id=328"},"modified":"2023-02-07T12:46:17","modified_gmt":"2023-02-07T11:46:17","slug":"journees-du-patrimoine-2022","status":"publish","type":"page","link":"https:\/\/www.missionssecours.com\/?page_id=328","title":{"rendered":"Journ\u00e9es du Patrimoine 2022"},"content":{"rendered":"<div class=\"wp-block-image\">\n<figure class=\"alignright size-full is-resized\"><img loading=\"lazy\" decoding=\"async\" src=\"http:\/\/www.missionssecours.com\/wp-content\/uploads\/2023\/04\/premar_patri_01.png\" alt=\"\" class=\"wp-image-456\" width=\"196\" height=\"276\" srcset=\"https:\/\/www.missionssecours.com\/wp-content\/uploads\/2023\/04\/premar_patri_01.png 552w, https:\/\/www.missionssecours.com\/wp-content\/uploads\/2023\/04\/premar_patri_01-213x300.png 213w\" sizes=\"auto, (max-width: 196px) 100vw, 196px\" \/><\/figure>\n<\/div>\n\n\n<p>Missions 196 : Secours Maritime \u00e9tait pr\u00e9sent aux journ\u00e9es du Patrimoine 2022 dans le hall d&rsquo;honneur de la pr\u00e9fecture maritime de l&rsquo;Atlantique \u00e0 Brest pour partager avec les visiteurs quelques missions du jeu.<\/p>\n\n\n<div class=\"wp-block-image\">\n<figure class=\"alignleft size-full is-resized\"><img loading=\"lazy\" decoding=\"async\" src=\"http:\/\/www.missionssecours.com\/wp-content\/uploads\/2023\/04\/premar_patri_02.png\" alt=\"\" class=\"wp-image-455\" width=\"303\" height=\"427\" srcset=\"https:\/\/www.missionssecours.com\/wp-content\/uploads\/2023\/04\/premar_patri_02.png 558w, https:\/\/www.missionssecours.com\/wp-content\/uploads\/2023\/04\/premar_patri_02-213x300.png 213w\" sizes=\"auto, (max-width: 303px) 100vw, 303px\" \/><\/figure>\n<\/div>\n\n\n<p>Au menu d\u00e9couverte des diff\u00e9rents services de secours, leurs missions et du num\u00e9ro d&rsquo;urgence 196.<\/p>\n\n\n\n<p>Lors de cette journ\u00e9e, le publique a \u00e9t\u00e9 nombreux, des Brestois mais aussi des \u00e9trangers qui malgr\u00e9 la barri\u00e8re de la langue ont marqu\u00e9 un bel int\u00e9r\u00eat pour le jeu.<\/p>\n\n\n\n<p>Chaque visiteur pouvais repartir avec des petits cadeaux, livre, cartes postales et autocollants. Autocollants sur le num\u00e9ro d&rsquo;urgence <strong>196<\/strong>, bien sur.<\/p>\n\n\n\n<p>Le weekend a \u00e9t\u00e9 marqu\u00e9 par le passage d&rsquo;autorit\u00e9s, acteurs du sauvetage en mer pour signer le plateau sur b\u00e2che d\u00e9sormais collector. Il a \u00e9t\u00e9 d\u00e9dicac\u00e9 par l&rsquo;ensemble des acteurs du jeu.<\/p>\n\n\n\n<p>Merci \u00e0 la Pr\u00e9fecture Maritime Atlantique qui a pens\u00e9 a moi et au jeu pour partager ce weekend avec les visiteurs.<\/p>\n\n\n\n<hr class=\"wp-block-separator has-alpha-channel-opacity\"\/>\n\n\n\n<figure class=\"wp-block-table\"><table><tbody><tr><td><img loading=\"lazy\" decoding=\"async\" width=\"250\" height=\"141\" class=\"wp-image-460\" style=\"width: 250px;\" src=\"http:\/\/www.missionssecours.com\/wp-content\/uploads\/2023\/04\/premar_patrimoine_1-scaled-1.jpg\" alt=\"\" srcset=\"https:\/\/www.missionssecours.com\/wp-content\/uploads\/2023\/04\/premar_patrimoine_1-scaled-1.jpg 2560w, https:\/\/www.missionssecours.com\/wp-content\/uploads\/2023\/04\/premar_patrimoine_1-scaled-1-600x338.jpg 600w, https:\/\/www.missionssecours.com\/wp-content\/uploads\/2023\/04\/premar_patrimoine_1-scaled-1-300x169.jpg 300w, https:\/\/www.missionssecours.com\/wp-content\/uploads\/2023\/04\/premar_patrimoine_1-scaled-1-1024x576.jpg 1024w, https:\/\/www.missionssecours.com\/wp-content\/uploads\/2023\/04\/premar_patrimoine_1-scaled-1-768x432.jpg 768w, https:\/\/www.missionssecours.com\/wp-content\/uploads\/2023\/04\/premar_patrimoine_1-scaled-1-1536x864.jpg 1536w, https:\/\/www.missionssecours.com\/wp-content\/uploads\/2023\/04\/premar_patrimoine_1-scaled-1-2048x1152.jpg 2048w\" sizes=\"auto, (max-width: 250px) 100vw, 250px\" \/><\/td><td><img loading=\"lazy\" decoding=\"async\" width=\"250\" height=\"141\" class=\"wp-image-459\" style=\"width: 250px;\" src=\"http:\/\/www.missionssecours.com\/wp-content\/uploads\/2023\/04\/premar_patrimoine_2-scaled-1.jpg\" alt=\"\" srcset=\"https:\/\/www.missionssecours.com\/wp-content\/uploads\/2023\/04\/premar_patrimoine_2-scaled-1.jpg 2560w, https:\/\/www.missionssecours.com\/wp-content\/uploads\/2023\/04\/premar_patrimoine_2-scaled-1-600x338.jpg 600w, https:\/\/www.missionssecours.com\/wp-content\/uploads\/2023\/04\/premar_patrimoine_2-scaled-1-300x169.jpg 300w, https:\/\/www.missionssecours.com\/wp-content\/uploads\/2023\/04\/premar_patrimoine_2-scaled-1-1024x576.jpg 1024w, https:\/\/www.missionssecours.com\/wp-content\/uploads\/2023\/04\/premar_patrimoine_2-scaled-1-768x432.jpg 768w, https:\/\/www.missionssecours.com\/wp-content\/uploads\/2023\/04\/premar_patrimoine_2-scaled-1-1536x864.jpg 1536w, https:\/\/www.missionssecours.com\/wp-content\/uploads\/2023\/04\/premar_patrimoine_2-scaled-1-2048x1152.jpg 2048w\" sizes=\"auto, (max-width: 250px) 100vw, 250px\" \/><\/td><td><img loading=\"lazy\" decoding=\"async\" width=\"250\" height=\"141\" class=\"wp-image-458\" style=\"width: 250px;\" src=\"http:\/\/www.missionssecours.com\/wp-content\/uploads\/2023\/04\/premar_patrimoine_3.jpg\" alt=\"\" srcset=\"https:\/\/www.missionssecours.com\/wp-content\/uploads\/2023\/04\/premar_patrimoine_3.jpg 2560w, https:\/\/www.missionssecours.com\/wp-content\/uploads\/2023\/04\/premar_patrimoine_3-600x338.jpg 600w, https:\/\/www.missionssecours.com\/wp-content\/uploads\/2023\/04\/premar_patrimoine_3-300x169.jpg 300w, https:\/\/www.missionssecours.com\/wp-content\/uploads\/2023\/04\/premar_patrimoine_3-1024x576.jpg 1024w, https:\/\/www.missionssecours.com\/wp-content\/uploads\/2023\/04\/premar_patrimoine_3-768x432.jpg 768w, https:\/\/www.missionssecours.com\/wp-content\/uploads\/2023\/04\/premar_patrimoine_3-1536x864.jpg 1536w, https:\/\/www.missionssecours.com\/wp-content\/uploads\/2023\/04\/premar_patrimoine_3-2048x1152.jpg 2048w\" sizes=\"auto, (max-width: 250px) 100vw, 250px\" \/><\/td><\/tr><\/tbody><\/table><\/figure>\n","protected":false},"excerpt":{"rendered":"<p>Missions 196 : Secours Maritime \u00e9tait pr\u00e9sent aux journ\u00e9es du Patrimoine 2022 dans le hall d&rsquo;honneur de la pr\u00e9fecture maritime de l&rsquo;Atlantique \u00e0 Brest pour partager avec les visiteurs quelques&hellip; <\/p>\n","protected":false},"author":2,"featured_media":0,"parent":0,"menu_order":0,"comment_status":"closed","ping_status":"closed","template":"","meta":{"_sitemap_exclude":false,"_sitemap_priority":"","_sitemap_frequency":"","footnotes":""},"class_list":["post-328","page","type-page","status-publish","hentry"],"_links":{"self":[{"href":"https:\/\/www.missionssecours.com\/index.php?rest_route=\/wp\/v2\/pages\/328","targetHints":{"allow":["GET"]}}],"collection":[{"href":"https:\/\/www.missionssecours.com\/index.php?rest_route=\/wp\/v2\/pages"}],"about":[{"href":"https:\/\/www.missionssecours.com\/index.php?rest_route=\/wp\/v2\/types\/page"}],"author":[{"embeddable":true,"href":"https:\/\/www.missionssecours.com\/index.php?rest_route=\/wp\/v2\/users\/2"}],"replies":[{"embeddable":true,"href":"https:\/\/www.missionssecours.com\/index.php?rest_route=%2Fwp%2Fv2%2Fcomments&post=328"}],"version-history":[{"count":0,"href":"https:\/\/www.missionssecours.com\/index.php?rest_route=\/wp\/v2\/pages\/328\/revisions"}],"wp:attachment":[{"href":"https:\/\/www.missionssecours.com\/index.php?rest_route=%2Fwp%2Fv2%2Fmedia&parent=328"}],"curies":[{"name":"wp","href":"https:\/\/api.w.org\/{rel}","templated":true}]}}