{"id":232,"date":"2022-12-03T19:54:51","date_gmt":"2022-12-03T18:54:51","guid":{"rendered":"https:\/\/noscollections.ddns.net\/missionssecours\/?p=232"},"modified":"2022-12-03T19:54:51","modified_gmt":"2022-12-03T18:54:51","slug":"jnsp-2011","status":"publish","type":"page","link":"https:\/\/www.missionssecours.com\/?page_id=232","title":{"rendered":"JNSP 2011"},"content":{"rendered":"<div class=\"wp-block-image\">\n<figure class=\"alignright size-full\"><img loading=\"lazy\" decoding=\"async\" width=\"142\" height=\"200\" src=\"http:\/\/www.missionssecours.com\/wp-content\/uploads\/2022\/12\/JNSP_2011_affiche_mini.jpg\" alt=\"\" class=\"wp-image-233\"\/><\/figure>\n<\/div>\n\n\n<p>Le 18 juin 2011, \u00e0&nbsp;l\u2019occasion&nbsp;de la Journ\u00e9e Nationale des Sapeurs-Pompiers (JNSP), le Service D\u00e9partementale d&rsquo;Incendie et de Secours de l&rsquo;Essonne (SDIS 91) a organis\u00e9 diverses manifestation dans le d\u00e9partement.<\/p>\n\n\n\n<p>Ainsi dans 4 centres commerciaux, il vous \u00e9tait possible de rencontrer et d\u00e9couvrir ces&nbsp;professionnels&nbsp;des secours et participer \u00e0 des animations.<\/p>\n\n\n\n<p>Ainsi sur le centre commerciale Carrefour de la Ville du Bois, le jeu \u00ab\u00a0Missions 112\u00a0\u00bb a particip\u00e9 \u00e0 la manifestation pour faire d\u00e9couvrir au publique le monde des sapeurs-pompiers.<\/p>\n\n\n\n<p>Localisation du centre commercial :&nbsp;<a href=\"http:\/\/goo.gl\/maps\/j5SI\" target=\"_blank\" rel=\"noreferrer noopener\">http:\/\/goo.gl\/maps\/j5SI<\/a><\/p>\n\n\n\n<p>Plus d&rsquo;informations sur la JNSP dans&nbsp;l\u2019Essonne :&nbsp;<a href=\"http:\/\/www.jnsp-essonne.fr\/\" target=\"_blank\" rel=\"noreferrer noopener\">http:\/\/www.jnsp-essonne.fr\/<\/a><\/p>\n","protected":false},"excerpt":{"rendered":"<p>Le 18 juin 2011, \u00e0&nbsp;l\u2019occasion&nbsp;de la Journ\u00e9e Nationale des Sapeurs-Pompiers (JNSP), le Service D\u00e9partementale d&rsquo;Incendie et de Secours de l&rsquo;Essonne (SDIS 91) a organis\u00e9 diverses manifestation dans le d\u00e9partement. Ainsi&hellip; <\/p>\n","protected":false},"author":2,"featured_media":233,"parent":0,"menu_order":0,"comment_status":"closed","ping_status":"closed","template":"","meta":{"_sitemap_exclude":false,"_sitemap_priority":"","_sitemap_frequency":"","footnotes":""},"class_list":["post-232","page","type-page","status-publish","has-post-thumbnail","hentry"],"_links":{"self":[{"href":"https:\/\/www.missionssecours.com\/index.php?rest_route=\/wp\/v2\/pages\/232","targetHints":{"allow":["GET"]}}],"collection":[{"href":"https:\/\/www.missionssecours.com\/index.php?rest_route=\/wp\/v2\/pages"}],"about":[{"href":"https:\/\/www.missionssecours.com\/index.php?rest_route=\/wp\/v2\/types\/page"}],"author":[{"embeddable":true,"href":"https:\/\/www.missionssecours.com\/index.php?rest_route=\/wp\/v2\/users\/2"}],"replies":[{"embeddable":true,"href":"https:\/\/www.missionssecours.com\/index.php?rest_route=%2Fwp%2Fv2%2Fcomments&post=232"}],"version-history":[{"count":0,"href":"https:\/\/www.missionssecours.com\/index.php?rest_route=\/wp\/v2\/pages\/232\/revisions"}],"wp:featuredmedia":[{"embeddable":true,"href":"https:\/\/www.missionssecours.com\/index.php?rest_route=\/wp\/v2\/media\/233"}],"wp:attachment":[{"href":"https:\/\/www.missionssecours.com\/index.php?rest_route=%2Fwp%2Fv2%2Fmedia&parent=232"}],"curies":[{"name":"wp","href":"https:\/\/api.w.org\/{rel}","templated":true}]}}